{"id":9737,"date":"2025-12-03T15:55:11","date_gmt":"2025-12-03T15:55:11","guid":{"rendered":"https:\/\/www.kenzaberrada.com\/?post_type=product&#038;p=9737"},"modified":"2025-12-04T14:50:54","modified_gmt":"2025-12-04T14:50:54","slug":"voile-azalae","status":"publish","type":"product","link":"https:\/\/www.kenzaberrada.com\/index.php\/product\/voile-azalae\/","title":{"rendered":"Voile Alena &#8211; Court"},"content":{"rendered":"<ul>\n<li data-path-to-node=\"13,0,0\"><b>Mati\u00e8re :<\/b> tulle soyeux<\/li>\n<li data-path-to-node=\"13,1,0\"><b>Ornementation : <\/b>dentelle florale perl\u00e9e scintillante m\u00e9ticuleusement appliqu\u00e9e sur un tulle soyeux.<\/li>\n<li data-path-to-node=\"13,1,0\"><b>Fabrication : <\/b>voile enti\u00e8rement r\u00e9alis\u00e9e \u00e0 la main dans notre atelier.<\/li>\n<li><b>Couleur :<\/b> tulle blanc ivoire &#8211; galant blanc ivoire.<\/li>\n<li><b>Dimension :<\/b> 2m x 1m<\/li>\n<\/ul>\n<p><em>Nous vous offrons la possibilit\u00e9 de personnaliser votre voile selon vos souhaits. Nous vous invitons \u00e0 contacter notre service client.<\/em><\/p>\n","protected":false},"excerpt":{"rendered":"<p>\u00c9l\u00e9gance et finesse se rencontrent dans ce voile d\u00e9licatement brod\u00e9 et perl\u00e9. Sa dentelle raffin\u00e9e et ses motifs minutieux captent la lumi\u00e8re, sublimant chaque mouvement de la mari\u00e9e d\u2019un \u00e9clat discret et pr\u00e9cieux. Ce voile s\u2019accorde parfaitement avec la robe &lsquo;Amyra&rsquo; de la gamme &lsquo;Signature&rsquo;, qui reprend le m\u00eame galant tout autour de la silhouette,\u00a0comme le montre la photo.<\/p>\n","protected":false},"featured_media":9751,"comment_status":"open","ping_status":"closed","template":"","meta":[],"product_brand":[],"product_cat":[62],"product_tag":[],"class_list":{"0":"post-9737","1":"product","2":"type-product","3":"status-publish","4":"has-post-thumbnail","6":"product_cat-voiles","8":"first","9":"instock","10":"shipping-taxable","11":"product-type-simple"},"_links":{"self":[{"href":"https:\/\/www.kenzaberrada.com\/index.php\/wp-json\/wp\/v2\/product\/9737","targetHints":{"allow":["GET"]}}],"collection":[{"href":"https:\/\/www.kenzaberrada.com\/index.php\/wp-json\/wp\/v2\/product"}],"about":[{"href":"https:\/\/www.kenzaberrada.com\/index.php\/wp-json\/wp\/v2\/types\/product"}],"replies":[{"embeddable":true,"href":"https:\/\/www.kenzaberrada.com\/index.php\/wp-json\/wp\/v2\/comments?post=9737"}],"wp:featuredmedia":[{"embeddable":true,"href":"https:\/\/www.kenzaberrada.com\/index.php\/wp-json\/wp\/v2\/media\/9751"}],"wp:attachment":[{"href":"https:\/\/www.kenzaberrada.com\/index.php\/wp-json\/wp\/v2\/media?parent=9737"}],"wp:term":[{"taxonomy":"product_brand","embeddable":true,"href":"https:\/\/www.kenzaberrada.com\/index.php\/wp-json\/wp\/v2\/product_brand?post=9737"},{"taxonomy":"product_cat","embeddable":true,"href":"https:\/\/www.kenzaberrada.com\/index.php\/wp-json\/wp\/v2\/product_cat?post=9737"},{"taxonomy":"product_tag","embeddable":true,"href":"https:\/\/www.kenzaberrada.com\/index.php\/wp-json\/wp\/v2\/product_tag?post=9737"}],"curies":[{"name":"wp","href":"https:\/\/api.w.org\/{rel}","templated":true}]}}