{"id":8866,"date":"2025-11-13T16:01:16","date_gmt":"2025-11-13T16:01:16","guid":{"rendered":"https:\/\/www.kenzaberrada.com\/?post_type=product&#038;p=8866"},"modified":"2025-12-04T16:44:09","modified_gmt":"2025-12-04T16:44:09","slug":"nahara","status":"publish","type":"product","link":"https:\/\/www.kenzaberrada.com\/index.php\/product\/nahara\/","title":{"rendered":"Nahara"},"content":{"rendered":"<ul>\n<li><strong>Couleur<\/strong> : Blanc lumineux.<\/li>\n<li><strong>Tissu<\/strong>\u00a0:\n<ul>\n<li>Robe en dentelle arabesque, ornement de perles, travaill\u00e9e sur un drap de soie.<\/li>\n<li>Doublure en soie.<\/li>\n<\/ul>\n<\/li>\n<li><strong>Finition<\/strong>\u00a0:\n<ul>\n<li>Manches longues \u00e9vas\u00e9es au poignet.<\/li>\n<li>Col bateau avec motifs de dentelle et de broderies sur le buste.<\/li>\n<li>Bordure en dentelle tout autour de la robe jusqu&rsquo;\u00e0 la tra\u00eene.<\/li>\n<\/ul>\n<\/li>\n<li data-path-to-node=\"7,1,0\"><strong>Coupe &amp; d\u00e9tails <\/strong>: <span style=\"text-transform: initial;\">Coupe l\u00e9g\u00e8rement \u00e9vas\u00e9e avec une fente en dentelle arabesque sur les deux c\u00f4t\u00e9s.\u00a0<\/span><\/li>\n<li><strong>Fermeture<\/strong> : Fermeture invisible sur le c\u00f4t\u00e9<\/li>\n<li><strong>Taille<\/strong> : S-M<\/li>\n<\/ul>\n","protected":false},"excerpt":{"rendered":"<p><strong>Nahara<\/strong> raconte l&rsquo;histoire d&rsquo;un h\u00e9ritage, promettant une allure majestueuse pour les grandes c\u00e9l\u00e9brations. Cette cr\u00e9ation allie la noblesse du drap de soie \u00e0 la d\u00e9licatesse d&rsquo;une dentelle arabesque brod\u00e9e, cr\u00e9ant une silhouette raffin\u00e9e.<\/p>\n","protected":false},"featured_media":8869,"comment_status":"open","ping_status":"closed","template":"","meta":[],"product_brand":[],"product_cat":[95],"product_tag":[],"class_list":{"0":"post-8866","1":"product","2":"type-product","3":"status-publish","4":"has-post-thumbnail","6":"product_cat-lessignatures","8":"first","9":"instock","10":"shipping-taxable","11":"product-type-simple"},"_links":{"self":[{"href":"https:\/\/www.kenzaberrada.com\/index.php\/wp-json\/wp\/v2\/product\/8866","targetHints":{"allow":["GET"]}}],"collection":[{"href":"https:\/\/www.kenzaberrada.com\/index.php\/wp-json\/wp\/v2\/product"}],"about":[{"href":"https:\/\/www.kenzaberrada.com\/index.php\/wp-json\/wp\/v2\/types\/product"}],"replies":[{"embeddable":true,"href":"https:\/\/www.kenzaberrada.com\/index.php\/wp-json\/wp\/v2\/comments?post=8866"}],"wp:featuredmedia":[{"embeddable":true,"href":"https:\/\/www.kenzaberrada.com\/index.php\/wp-json\/wp\/v2\/media\/8869"}],"wp:attachment":[{"href":"https:\/\/www.kenzaberrada.com\/index.php\/wp-json\/wp\/v2\/media?parent=8866"}],"wp:term":[{"taxonomy":"product_brand","embeddable":true,"href":"https:\/\/www.kenzaberrada.com\/index.php\/wp-json\/wp\/v2\/product_brand?post=8866"},{"taxonomy":"product_cat","embeddable":true,"href":"https:\/\/www.kenzaberrada.com\/index.php\/wp-json\/wp\/v2\/product_cat?post=8866"},{"taxonomy":"product_tag","embeddable":true,"href":"https:\/\/www.kenzaberrada.com\/index.php\/wp-json\/wp\/v2\/product_tag?post=8866"}],"curies":[{"name":"wp","href":"https:\/\/api.w.org\/{rel}","templated":true}]}}