{"id":8838,"date":"2025-12-06T10:33:02","date_gmt":"2025-12-06T10:33:02","guid":{"rendered":"https:\/\/www.kenzaberrada.com\/?post_type=product&#038;p=8838"},"modified":"2025-12-06T15:47:59","modified_gmt":"2025-12-06T15:47:59","slug":"amwaj","status":"publish","type":"product","link":"https:\/\/www.kenzaberrada.com\/index.php\/product\/amwaj\/","title":{"rendered":"Amwaj"},"content":{"rendered":"<ul>\n<li><strong>Couleur<\/strong>\u00a0: Blanc Ivoire lumineux.<\/li>\n<li><strong>Tissu<\/strong>\u00a0:\n<ul>\n<li>Robe en dentelle, ornement de perles.<\/li>\n<li>Robe en drap de soie pour un confort et un tomb\u00e9 fluide.<\/li>\n<\/ul>\n<\/li>\n<li><strong>Finition<\/strong>\u00a0:\n<ul>\n<li>Col rond avec un dos en l\u00e9g\u00e8rement en V.<\/li>\n<li>Bordure en dentelle d\u00e9licatement appliqu\u00e9e tout autour de la robe, apportant l\u00e9g\u00e8ret\u00e9 et raffinement.<\/li>\n<li>Manche longue, moiti\u00e9 en tulle transparent, moiti\u00e9 en dentelle avec finition brod\u00e9 en \u00ab\u00a0sfifa\u00a0\u00bb.<\/li>\n<li>Ourlet discret et travaill\u00e9 \u00e0 la main.<\/li>\n<\/ul>\n<\/li>\n<li data-path-to-node=\"7,1,0\"><strong>Coupe &amp; d\u00e9tails\u00a0<\/strong>:\n<ul>\n<li data-path-to-node=\"7,1,0\">Coupe droite jusqu&rsquo;au pied, fente derri\u00e8re jusqu&rsquo;au mollet qui donne une silhouette raffin\u00e9e.<\/li>\n<li>Robe con\u00e7ue pour \u00eatre modulable, offrant diff\u00e9rentes options de style (possibilit\u00e9 de la porter seule).<\/li>\n<li data-path-to-node=\"7,1,0\">L&rsquo;ensemble de la robe est richement perl\u00e9, cr\u00e9ant un effet scintillant et lumineux.<\/li>\n<li data-path-to-node=\"7,1,0\">La transparence des manches en tulle et du haut du dos ajoute une touche de sensualit\u00e9.<\/li>\n<\/ul>\n<\/li>\n<li><strong>Fermeture<\/strong>\u00a0: Fermeture invisible sur le c\u00f4t\u00e9.<\/li>\n<li><strong>Taille<\/strong>\u00a0: S-M<\/li>\n<\/ul>\n","protected":false},"excerpt":{"rendered":"<p><strong>Amwaj<\/strong>, une vague de modernit\u00e9 et de glamour o\u00f9 l&rsquo;\u00e9clat des paillettes rencontre la finesse de l&rsquo;artisanat. Cette pi\u00e8ce scintillante, enrichie de broderies et sublim\u00e9e par la \u00ab\u00a0<em>sfifa<\/em>\u00a0\u00bb sur ses manches, \u00e9pouse la silhouette avec une gr\u00e2ce fluide. Une pr\u00e9sence lumineuse et inoubliable, h\u00e9ritage et modernit\u00e9.<\/p>\n","protected":false},"featured_media":8839,"comment_status":"open","ping_status":"closed","template":"","meta":[],"product_brand":[],"product_cat":[95],"product_tag":[],"class_list":{"0":"post-8838","1":"product","2":"type-product","3":"status-publish","4":"has-post-thumbnail","6":"product_cat-lessignatures","8":"first","9":"instock","10":"shipping-taxable","11":"product-type-simple"},"_links":{"self":[{"href":"https:\/\/www.kenzaberrada.com\/index.php\/wp-json\/wp\/v2\/product\/8838","targetHints":{"allow":["GET"]}}],"collection":[{"href":"https:\/\/www.kenzaberrada.com\/index.php\/wp-json\/wp\/v2\/product"}],"about":[{"href":"https:\/\/www.kenzaberrada.com\/index.php\/wp-json\/wp\/v2\/types\/product"}],"replies":[{"embeddable":true,"href":"https:\/\/www.kenzaberrada.com\/index.php\/wp-json\/wp\/v2\/comments?post=8838"}],"wp:featuredmedia":[{"embeddable":true,"href":"https:\/\/www.kenzaberrada.com\/index.php\/wp-json\/wp\/v2\/media\/8839"}],"wp:attachment":[{"href":"https:\/\/www.kenzaberrada.com\/index.php\/wp-json\/wp\/v2\/media?parent=8838"}],"wp:term":[{"taxonomy":"product_brand","embeddable":true,"href":"https:\/\/www.kenzaberrada.com\/index.php\/wp-json\/wp\/v2\/product_brand?post=8838"},{"taxonomy":"product_cat","embeddable":true,"href":"https:\/\/www.kenzaberrada.com\/index.php\/wp-json\/wp\/v2\/product_cat?post=8838"},{"taxonomy":"product_tag","embeddable":true,"href":"https:\/\/www.kenzaberrada.com\/index.php\/wp-json\/wp\/v2\/product_tag?post=8838"}],"curies":[{"name":"wp","href":"https:\/\/api.w.org\/{rel}","templated":true}]}}